 7*q - 7. Let u be t(n). Suppose 168 = u*s - 0*s. What are the prime factors of s?
2, 7
Suppose -3*m = 0, 1283 = 3*s + 4*m - 475. List the prime factors of s.
2, 293
Let z(p) = 9*p**2 + 4*p - 31. What are the prime factors of z(8)?
577
Let u be (-5)/(-1)*(-992)/80. Suppose 30 = 4*o + 182. Let i = o - u. What are the prime factors of i?
2, 3
Suppose 8*a - 22*a + 2618 = 0. List the prime factors of a.
11, 17
Let l be (((-3)/(-1))/(-1))/(-1). Let a = -16 - -16. Let o = a + l. List the prime factors of o.
3
Let f = -352 + 573. What are the prime factors of f?
13, 17
Suppose -p - 4*r - 11 = 0, -2*p + 6 + 22 = -2*r. What are the prime factors of p?
3
Suppose -3*f + f + 38 = 0. Let z = 23 + 4. Let a = z - f. What are the prime factors of a?
2
Let p be (-3 - -3 - 4) + 8. Suppose 0 = -4*x, 74 = -d + 3*d - p*x. List the prime factors of d.
37
Let q(u) be the third derivative of 0*u + 1/6*u**4 - 4/3*u**3 + 3*u**2 + 0. What are the prime factors of q(6)?
2
Suppose 3*g - 322 = 2*s, -s - 114 + 655 = 5*g. Suppose 2*h = -2*r + 66, -4*h + 5*r - r = -g. List the prime factors of h.
2, 3, 5
Let j = 674 - 388. List the prime factors of j.
2, 11, 13
Let o = -278 - -397. List the prime factors of (1 - -1)/(7/o).
2, 17
Let x(w) be the third derivative of -w**6/120 + 7*w**5/60 - w**4/8 - 5*w**3/3 - 17*w**2. What are the prime factors of x(5)?
5
Let w(t) = 43*t**2 - 23*t + 87. List the prime factors of w(4).
683
Let a = 3 - 23. Let b = a + 65. What are the prime factors of b?
3, 5
Let h = -31 - -34. Suppose -496 = -h*t - x - 161, -4*t + 3*x + 451 = 0. List the prime factors of t.
2, 7
Let q(f) = f**3 + 6*f**2 - 3. Let k be q(-6). Let b = 3 + k. Suppose -4*y = -2*a - 28, -2*y - 5*a = -b*a + 10. What are the prime factors of y?
5
Let p(o) = -o**3 + o**2 - o + 2. Suppose 3*m - 5 = -2. Let j be p(m). What are the prime factors of -3*j*(-22)/6?
11
Let r be -2*(36/8)/(-3). Suppose -2*u + r*y + 65 = 0, 0 = 4*u + 5*y - 67 - 118. Suppose -5*b + b = -u. What are the prime factors of b?
2, 5
Let v = -124 - -162. List the prime factors of v.
2, 19
List the prime factors of 16/(112/(-21)) - 269*-11.
2, 739
Suppose 3*d - 3 + 0 = 3*f, 0 = -3*d - f + 11. Suppose -5*p - j = -2*j - 279, 2*j = -d*p + 157. List the prime factors of p.
5, 11
Let g = -7952 + 11917. List the prime factors of g.
5, 13, 61
Suppose -5*z - 2*y + 16 = 0, 2*z = -2*z - 2*y + 14. Suppose 5*g + 0*h + 15 = 5*h, -9 = -z*g - 3*h. Suppose g = -2*a - 8 + 38. What are the prime factors of a?
3, 5
Suppose d = -3*d + 56. Suppose d = -s - 3. Let g = -7 - s. What are the prime factors of g?
2, 5
Let x(f) = 17 + 14*f - 40*f + 19*f. Let b be x(7). Let r = -19 - b. List the prime factors of r.
13
Let g(y) = -y**3 + 4*y**2 + 2*y - 2. Suppose 0 = d + 2 - 4. What are the prime factors of g(d)?
2, 5
Let n(k) = -k**3 + 4*k**2 + 5*k - 4. Let t be n(5). Let c be -3 - t/(0 - -1). Suppose 2*s - 5*a + c = 27, -10 = -s + a. What are the prime factors of s?
2
Suppose 0 = -3*c + h + h + 200, -5*c + 355 = h. Suppose 2*r - 4*z = c, -r + 29 = z - 3. List the prime factors of r.
3, 11
List the prime factors of (30 - (1 + 2))*(2 - 0).
2, 3
Let w(i) = -20*i**2 + 24*i - 38. Let m(d) = -7*d**2 + 8*d - 13. Let x(y) = 11*m(y) - 4*w(y). List the prime factors of x(5).
2, 11
Let w = 34 - 31. Suppose v = j + 34, -6*v + 180 = -v - w*j. List the prime factors of v.
3, 13
Let u(i) = 42*i**2 + 8*i - 9. What are the prime factors of u(2)?
5, 7
Let u(p) be the second derivative of 2*p**3/3 + 3*p**2/2 + 3*p. Let v(i) = 4*i + 3. Let d(c) = 2*u(c) - 3*v(c). List the prime factors of d(-5).
17
List the prime factors of 20296/14 + ((-60)/(-42))/5.
2, 5, 29
Suppose -3*p + 50 = 2*p. Suppose p*x - 7*x - 90 = 0. What are the prime factors of x?
2, 3, 5
Let t be 10/3*(21 - -3). Let i = 217 - t. What are the prime factors of i?
137
Let x = -13 + 18. Suppose -x*f + 10 = 5*m, 0 = 4*m + 2*f + 3*f - 7. What are the prime factors of (-26)/3*(-18)/m?
2, 13
What are the prime factors of 4 - 1 - 2120/(-5 - 0)?
7, 61
Let q(x) = x + 14. Let i be q(-6). Let n(z) = -6*z**2 + 6*z + 3. Let d(o) = o**2 + o. Let w(y) = 5*d(y) + n(y). What are the prime factors of w(i)?
3
Let c = -64 + 70. Suppose 2*r - 800 = -5*u + 46, 0 = 3*r + c. List the prime factors of u.
2, 5, 17
Suppose 18*v - 56 = 16*v. What are the prime factors of ((-48)/v)/(8/(-308))?
2, 3, 11
Suppose j - 808 = -4*d + 6*j, -j = -4*d + 824. Let y = d + -93. What are the prime factors of y?
2, 3, 19
Let b be ((-44)/6*6)/((-1)/3). Suppose -6*u + 0*u + b = 0. List the prime factors of u.
2, 11
Suppose 4116 = 13*r - 1630. List the prime factors of r.
2, 13, 17
Suppose -5*y + 24 = -2*c - 2*c, -3*y = -2*c - 14. Suppose y*k + 0 = 3*r - 11, 10 = -2*k. Let z(o) = -o**3 + 2*o**2 + o + 7. What are the prime factors of z(r)?
7
Suppose 5*c - q - 2*q + 9 = 0, 0 = -c + q - 1. What are the prime factors of (368/(-12))/4*c?
23
Let b be (1/4)/(2/8). Let v = 61 - b. What are the prime factors of v?
2, 3, 5
Let f be 3 - 0 - (0 + 0). Let v be ((-6)/(-18))/(2/156). Suppose 4*n = -f*p + 43, -v = -2*p - 2*n - 0*n. What are the prime factors of p?
3
Let f(q) = 2*q**3 - 3*q**2 - 3*q - 5. What are the prime factors of f(6)?
7, 43
Let r = -3166 + 4942. What are the prime factors of r?
2, 3, 37
Let x(o) = 8*o + 5. Let g be x(5). Let y be 1225/g + 4/(-18). Suppose -3*n + 5*z = 5 - y, 5*n = -z + 18. List the prime factors of n.
2
Suppose 0 = -7*d + 7014 - 973. What are the prime factors of (-9)/15 - (d/(-5) - 1)?
173
Suppose 4*n = 7 + 21. Let j(l) = -l**3 + 1. Let o(k) = -2*k**3 - 6*k**2 - 7*k - 4. Let w(s) = 3*j(s) - o(s). List the prime factors of w(n).
7
Suppose -12 = 3*z, 4*c - 2450 = -4*z + 3518. What are the prime factors of c?
2, 11, 17
Let x be (-1 + 0)*4/4. Let g be (-126)/(-27) - x/3. List the prime factors of (0 + g - 3) + 49.
3, 17
Let r = -18 + 22. Let q be ((-6)/r + -1)*2. Let s = q + 14. What are the prime factors of s?
3
Let w(d) = -d**3 - 8*d**2 + 14*d - 9. Let q be w(-10). Suppose 9*c + 15 = q. Suppose -32 = -c*o - 0*o. List the prime factors of o.
2
Suppose 0 = -5*g + 18 - 3, k - 2*g = 267. List the prime factors of k.
3, 7, 13
Let n = -732 - -1159. What are the prime factors of n?
7, 61
Suppose -6*l = -2*l - 16. Let f(k) = 3*k**3 - k**2 + 6*k - 1. Let t(x) = -4*x**3 - 7*x. Let d(j) = 3*f(j) + 2*t(j). What are the prime factors of d(l)?
29
Let w = 59 + 1142. What are the prime factors of w?
1201
Let r(i) = 36*i. Let k be r(1). Let b = k + -9. Let m = b - 14. What are the prime factors of m?
13
Suppose -5*y + 4638 = -w, -3*y + 2788 = -w + 3*w. Suppose 0 = -0*q - 8*q + y. What are the prime factors of q?
2, 29
Let k(x) = 5*x**2 - 2*x + 1. Let j be k(1). Suppose -75 - 17 = -j*v. What are the prime factors of v?
23
Let l(a) = -a**2 + 2*a + 101. Let j be (0/(-10))/(0 - -1). What are the prime factors of l(j)?
101
Let u = 156 - -1. What are the prime factors of u?
157
Let w(d) = 2*d**2 + 8*d + 9. Let h be (-182)/39 + 2/(-6). Let t be w(h). Suppose -119 = -2*c - t. What are the prime factors of c?
2, 5
Let s be (-1)/(2/(-82))*(-6)/(-3). Suppose s = -10*n + 232. What are the prime factors of n?
3, 5
Let c = 1006 - 670. What are the prime factors of c?
2, 3, 7
Suppose 10*d - 12*d = -22. Suppose -d*t = -7*t - 168. Let u = t - 5. What are the prime factors of u?
37
Let o = 819 + -793. What are the prime factors of o?
2, 13
Let v(r) = 10*r - 4. Let w be v(1). Suppose -9 = -6*d + 3*d. Suppose -d*t + 3 = -w. What are the prime factors of t?
3
Let d = -11 + 647. List the prime factors of d.
2, 3, 53
Suppose -2*q + w + 10 = -w, 0 = -3*w - 3. Let d be (7 - q)/(-1 + 0). List the prime factors of (-9)/(9/(-2) - d).
2, 3
Let k(w) = 6*w + 127. List the prime factors of k(-10).
67
Let u(i) = 14*i**2 - 4*i - 3. Suppose -r = 3*r - l + 10, -2*l + 8 = -2*r. List the prime factors of u(r).
61
Let x be (-58)/2*(1 + -2). Let o = x + -27. Suppose o*c - 75 = 33. List the prime factors of c.
2, 3
Suppose 4*f + 20 = 8*f. Let b be 89 - (8/2 - f). Suppose 45 + b = 5*a. What are the prime factors of a?
3
Let i = -4 - -69. Suppose 3*f + 0*k - 3*k = 75, 0 = 3*f - k - i. List the prime factors of f.
2, 5
What are the prime factors of 1060/(-8)*((-18)/15 - 0)?
3, 53
Let y(m) = 17*m**3 - 3*m**2 + 4*m + 10. Let d be y(-3). Let v be (-6)/18 - d/6. Suppose 0 = 20*n - 19*n - v.